t k(h) = -h**2 + 2 + 3*h**3 - 2*h**3 - 3 - h**2. Is k(4) prime?
True
Let v be 42/8 + (-2)/8. Suppose -2*o = 0, -5*o = 2*w - 17 + v. Is w a composite number?
True
Let b = -12 - -65. Is b composite?
False
Suppose 4*u - 5*o = 1420, 9*o = 14*o. Is u composite?
True
Suppose 6*z + 10 = z, 3*i - 51 = 3*z. Suppose 0 = -a - 4*a + y + 75, -3*y = i. Is a prime?
False
Is 2/(-3) + (-898)/(-6) composite?
False
Let h = 115 + -48. Is h a prime number?
True
Let c be (3/2)/((-1)/(-2)). Suppose 2*f - 47 = -5*t, c*t - 53 = f + 4*f. Is t a prime number?
True
Suppose -10 = 3*c + 20. Let j = -5 - c. Suppose 0*h = -j*h + 185. Is h composite?
False
Suppose 1245 = 3*q + c - 513, -9 = 3*c. Let g = -270 + q. Is g prime?
True
Suppose -4*m - 54 = s, -2*s - 5*m = -4*s - 121. Let v = -21 - s. Suppose k - 2*k = -v. Is k prime?
True
Suppose 0 = 4*n + 265 - 2013. Is n a composite number?
True
Let i be 200/(-30)*(-78)/4. Let o be (-3 + i)/(0 + 1). Let f = o - 44. Is f a composite number?
False
Let n(q) = -q**2 + 4. Let v be n(3). Let h = 6 + v. Is h/(-3) + 19/3 prime?
False
Suppose -22*t + 3386 = -20*t. Is t a prime number?
True
Let a(y) = -y + 11. Let c be a(9). Suppose -98 = -4*f + c*f - 3*v, 0 = -3*f - v + 147. Is f a composite number?
True
Let z(l) = -l**2 - 6*l + 9. Let r be z(8). Is (r/2*-12)/2 a composite number?
True
Is -4 + -122*(-1)/(-2)*-41 a composite number?
True
Let z = 684 - 441. Let a = z - -44. Is a a prime number?
False
Is -4 + 3 - (-3 - (-885)/(-1)) a composite number?
False
Suppose 895 = -w + 2*w. Let h(d) = d**3 - 2*d**2 - 3*d. Let p be h(3). Suppose -5*u = -p*u - w. Is u composite?
False
Suppose 0 = l + k - 19, -33 = -2*l + 5*k + 33. Let i = 33 - l. Suppose 2 - i = -4*y. Is y a composite number?
False
Let j = -103 + 41. Let b be -2*1*j/(-4). Let x = b - -114. Is x prime?
True
Let g(t) = 2*t**3 + 56*t**2 - 19*t + 15. Is g(-28) a composite number?
False
Let g = -37 - -65. Let z be 8/g + 7794/14. Suppose -5*d - 5 = 0, 2*d - 4*d - z = -5*y. Is y a prime number?
False
Suppose 0 = 4*v - 13 - 3. Is v prime?
False
Let v(h) be the first derivative of h**3/3 + h**2/2 + 3. Let k be v(-2). Let o(q) = 8*q - 2. Is o(k) composite?
True
Let a = 2 + 0. Suppose 5*k = -a*i + 148, -i - 3*i + 318 = -k. Let o = i + -24. Is o a composite number?
True
Let v(a) = 13*a - 13. Let o(i) = 26*i - 26. Let u(z) = -4*o(z) + 7*v(z). Is u(-10) a prime number?
False
Let k(n) = -n**3 - 5*n - 1. Is k(-5) prime?
True
Let s(g) = 2*g**3 + 7*g**2 - 7*g - 1. Is s(5) a composite number?
False
Suppose 2*a - 27 + 8 = 3*n, 5*a + 3*n = 16. Suppose a*q = -b + 117, -3*b + 5*q - 4*q = -383. Is b a composite number?
False
Let t(n) = -92*n - 3. Is t(-7) a composite number?
False
Suppose 2*a - 901 = -2*g + 5*g, g + 1 = 0. Is a a prime number?
True
Let b = 123 - 64. Is b composite?
False
Suppose 3*r - x = 114, -r - x = r - 71. Is r a prime number?
True
Suppose -186 = -0*i - 3*i. Suppose 0 = -m - 0*m + i. Is m prime?
False
Suppose 5*w - i - 211 = i, w = -3*i + 49. Let g = w - 26. Let l = 20 + g. Is l prime?
True
Suppose z - 2*o = -2526, 3*o + o = z + 2518. Is z/(-18) + (-22)/(-99) prime?
False
Is 2/4 + 10660/8 composite?
True
Let c be (0 - -44)*(-188)/(-16). Let l = -120 + c. Is l composite?
False
Suppose -2*h + h = -3*j - 13, 3*j + 33 = -3*h. Is 132/(-8)*28/j prime?
False
Suppose -5*w + 26 = -24. Let a = 29 - w. Is a prime?
True
Let x(y) = 6*y - 2. Let i be x(3). Suppose -2*l = -2*q + i, q - 10 = l + 2*l. Suppose -q + 0 = -r. Is r a prime number?
True
Let y = 6 + -4. Let m be 2 + 44*3/y. Suppose 2*t = 114 + m. Is t a composite number?
True
Let c = -122 + 175. Is c prime?
True
Let x(t) be the second derivative of -1/2*t**3 + t**2 + 0 + 2*t. Is x(-7) composite?
False
Let y(m) be the third derivative of m**5/10 + m**4/24 - m**3/6 + 3*m**2. Is y(2) a composite number?
True
Is (-1)/1 + (6 - -630) composite?
True
Let f = 4377 - 2140. Is f prime?
True
Suppose 2*o = -2*b + 82, 2*b = -4*o - b + 167. Let l = o - -5. Is l prime?
False
Suppose 11 + 179 = 5*z. Suppose 4*g - 3*b - 155 = 0, 4*g - b - z = 107. Is g prime?
False
Let w be (-4)/1*(-252)/48. Let c = w - -12. Is c a prime number?
False
Let y(o) = 2*o + 4. Let r be y(-3). Let m = r + 2. Suppose -2*f = -m*f - 14. Is f a prime number?
True
Let t(a) = 485*a + 39. Is t(4) a prime number?
True
Is (2 - 5)*1669/(-3) a prime number?
True
Let f = -9 - -13. Let q be ((0 + 0)/2)/3. Suppose -f*o + 208 + 156 = q. Is o a prime number?
False
Let t(y) = 4*y + 6. Let i be t(-4). Let u = -6 - i. Suppose s + 0*s - 4*w = 107, -u*w - 226 = -2*s. Is s composite?
True
Let x(i) = 3*i**3 - i**2 - 3*i + 1. Suppose a = 6*a. Suppose -5*y = -h - 15, -5*y + 5*h = -a*h - 35. Is x(y) a prime number?
False
Let s = -3 - -11. Let h(p) = 2*p**3 - 12*p**2 + 7*p - 5. Is h(s) a prime number?
True
Suppose 5*w = i - 709 + 97, 2910 = 5*i + 5*w. Is i prime?
True
Let x(t) = t**3 + t**2 + t + 3. Let n be x(0). Suppose -n*r - 50 = -317. Is r prime?
True
Suppose -4*v = b - v + 7, 2 = 2*b - 2*v. Let k be (b - 49 - 0) + 1. Let j = 96 + k. Is j composite?
False
Let j = 1261 + -679. Suppose 0 = -4*i + 2*a + 3*a + 1192, a = -2*i + j. Is i prime?
True
Suppose -2 + 0 = y. Is (y/(-2) - 1) + 67 prime?
True
Let o = 2956 + -1074. Is o a prime number?
False
Let x = -1048 + 1559. Is x a composite number?
True
Let x = 240 - 27. Is x a composite number?
True
Let z = 12 - 19. Suppose 27 = 3*x + 6. Is (-2)/z + 369/x prime?
True
Let i(q) = -3*q**3 + q**2 - 2*q - 1. Let o be (-4)/(-18) - (-32)/18. Let n be o + -3 + -1 + 0. Is i(n) a prime number?
True
Let q(j) be the third derivative of -j**6/90 - 7*j**5/120 + j**4/24 + 2*j**2. Let i(p) be the second derivative of q(p). Is i(-7) a prime number?
False
Let z = -1 - 2. Let w = z - -148. Suppose -2*f + 30 = -3*a + w, -f = 2*a - 65. Is a a composite number?
True
Suppose 0 = 7*y - 2*y + 205. Let j = 244 + y. Is j prime?
False
Let p(y) = 7 + 3*y + 22*y**2 - 2 - 4. Let b = 13 - 15. Is p(b) prime?
True
Suppose -436 + 1331 = 5*m. Is m a prime number?
True
Suppose -g + 205 = -2*o, -3*o + 34 = g - 181. Is g composite?
True
Let t(u) = -u**3 - u**2 - u + 112. Let x be t(0). Suppose 5*w - 283 - x = 0. Is w a prime number?
True
Let s = -7 + 9. Is s*(1 - 2) - -35 a prime number?
False
Let u be (-3 - -1)/((-28)/2002). Let f = 826 - u. Is f prime?
True
Let b(y) = -y**3 + 6*y**2 - 4*y + 5. Let f be b(5). Let x(t) = -t**2 + 11*t - 6. Let s be x(f). Suppose -c = -s*c + 57. Is c composite?
False
Suppose -2*h - 5 = -171. Is h composite?
False
Let v(z) = z**3 - 4*z**2 - 4*z + 4. Let n(q) = 4*q**2 + q. Let g be n(1). Let f be v(g). Is (-6)/f*-75 - 1 a composite number?
True
Suppose y = -y. Suppose -d = 2 - y. Is -2*(51/d)/1 a prime number?
False
Suppose 7554 = 5*b + b. Is b a composite number?
False
Let k(q) = 3*q**2 + 8*q - 2. Is k(-7) prime?
True
Let s(j) = 8 - j + 11 - 5. Let f be s(12). Is (f + -5)/(-3) - -6 prime?
True
Let s(y) = -y**2 + 13*y - 3. Let w(d) = d**3 + 6*d**2 - 2*d - 1. Let u be w(-6). Is s(u) composite?
False
Let s = 94 + 343. Is s composite?
True
Let u(k) = 35*k**2 - k + 5. Is u(2) composite?
True
Let j = 12 - 22. Is j/(-35) + 96/7 a composite number?
True
Let y = -101 + 922. Is y a prime number?
True
Let s(z) = -z**3 + 2*z**2 + z. Let o be s(2). Suppose -5*b + 107 = 4*l, 0 = -5*l - b - o*b + 124. Is l prime?
True
Suppose 0 = 3*w + 3*r - 138, -3*w + 5*r + 146 = -0*w. Let p = 189 - w. Is p a composite number?
True
Is 2533/(-51)*(-2 - 1) a composite number?
False
Let s(x) = -152*x + 1. Is s(-3) prime?
True
Suppose 2*r - 4 = r. Let o = r + -6. Is o/6 - 70/(-3) prime?
True
Let q be 0 + (-3)/3 - -72. Let i be 3 + 0 - 1 - q. Let d = -46 - i. Is d a prime number?
True
Let k = -892 + 1679. Is k a prime number?
True
Let n = 2 - -4. Let u = n - 3. Is u a prime number?
True
Let f be (-8)/(-20) - 32/(-20). Suppose -2*n - 6*q = -f*q - 334, -n = -2*q - 159. Is n prime?
True
Let t be (47/4)/(6/48). Suppose -t = -b + 403. Is b prime?
False
Let h = -427 - -1134. Is h a prime number?
False
Let r(o) = -o**3 - 3*o**2 + 2*o - 8. Let v be r(-6). Suppose -u - 4 = -3*u. Suppose -v = u*m - 6*m + 4*t, 2*m = -4*t + 38. Is m a composite number?
True
Suppose -5*r + 0*r + 5*n = -150, 153 = 5*r - 4*n. Is r a composite number?
True
Let m = -618 - -1085. Is m a composite number?
False
Let q(v) = -v**3 + 6*v**2 - 3